{"id":17,"date":"2022-03-29T21:57:31","date_gmt":"2022-03-29T19:57:31","guid":{"rendered":"https:\/\/zaverecne-prace.ucimesaweby.sk\/steinbach\/?page_id=17"},"modified":"2022-04-24T10:24:37","modified_gmt":"2022-04-24T08:24:37","slug":"zberatelia","status":"publish","type":"page","link":"https:\/\/zaverecne-prace.ucimesaweby.sk\/steinbach\/zberatelia\/","title":{"rendered":"Zberatelia"},"content":{"rendered":"\n<p><p align=\"justify\">Zberatelia krojovan\u00fdch b\u00e1bik ve\u013ekou mierou prispievaj\u00fa k ochrane, zachovaniu a prezent\u00e1cii krojovan\u00fdch b\u00e1bik na Slovensku. Ich pr\u00e1ca a \u010dinnos\u0165 je rovnako d\u00f4le\u017eit\u00e1 ako pr\u00e1ca samotn\u00fdch v\u00fdrobcov. V\u010faka ich snahe m\u00f4\u017eu ostatn\u00fd z\u00e1ujemcovia o krojovan\u00e9 b\u00e1biky zhliadnu\u0165 kr\u00e1sne exempl\u00e1re krojovan\u00fdch b\u00e1bik na mnoh\u00fdch v\u00fdstav\u00e1ch po celom \u00fazem\u00ed SR.<\/p><\/p>\n\n\n\n<p>Zberatelia krojovan\u00fdch b\u00e1bik:<\/p>\n\n\n\n<p><a href=\"https:\/\/zaverecne-prace.ucimesaweby.sk\/steinbach\/marek-snelly\/\">Marek \u0160nelly,<\/a> Tren\u010d\u00edn<\/p>\n\n\n\n<p><a href=\"https:\/\/zaverecne-prace.ucimesaweby.sk\/steinbach\/2022\/04\/15\/jana-majcikova\/\">Jana Maj\u010d\u00edkov\u00e1<\/a> Tren\u010d\u00edn<\/p>\n","protected":false},"excerpt":{"rendered":"<p>Zberatelia krojovan\u00fdch b\u00e1bik ve\u013ekou mierou prispievaj\u00fa k ochrane, zachovaniu a prezent\u00e1cii krojovan\u00fdch b\u00e1bik na Slovensku. Ich pr\u00e1ca a \u010dinnos\u0165 je rovnako d\u00f4le\u017eit\u00e1 ako pr\u00e1ca samotn\u00fdch v\u00fdrobcov. V\u010faka ich snahe m\u00f4\u017eu ostatn\u00fd z\u00e1ujemcovia o krojovan\u00e9 b\u00e1biky zhliadnu\u0165 kr\u00e1sne exempl\u00e1re krojovan\u00fdch b\u00e1bik na mnoh\u00fdch v\u00fdstav\u00e1ch po celom \u00fazem\u00ed SR. Zberatelia krojovan\u00fdch b\u00e1bik: Marek \u0160nelly, Tren\u010d\u00edn Jana Maj\u010d\u00edkov\u00e1 Tren\u010d\u00edn<\/p>\n","protected":false},"author":1,"featured_media":0,"parent":0,"menu_order":0,"comment_status":"closed","ping_status":"closed","template":"","meta":{"ngg_post_thumbnail":0,"footnotes":""},"class_list":["post-17","page","type-page","status-publish","hentry"],"_links":{"self":[{"href":"https:\/\/zaverecne-prace.ucimesaweby.sk\/steinbach\/wp-json\/wp\/v2\/pages\/17","targetHints":{"allow":["GET"]}}],"collection":[{"href":"https:\/\/zaverecne-prace.ucimesaweby.sk\/steinbach\/wp-json\/wp\/v2\/pages"}],"about":[{"href":"https:\/\/zaverecne-prace.ucimesaweby.sk\/steinbach\/wp-json\/wp\/v2\/types\/page"}],"author":[{"embeddable":true,"href":"https:\/\/zaverecne-prace.ucimesaweby.sk\/steinbach\/wp-json\/wp\/v2\/users\/1"}],"replies":[{"embeddable":true,"href":"https:\/\/zaverecne-prace.ucimesaweby.sk\/steinbach\/wp-json\/wp\/v2\/comments?post=17"}],"version-history":[{"count":5,"href":"https:\/\/zaverecne-prace.ucimesaweby.sk\/steinbach\/wp-json\/wp\/v2\/pages\/17\/revisions"}],"predecessor-version":[{"id":857,"href":"https:\/\/zaverecne-prace.ucimesaweby.sk\/steinbach\/wp-json\/wp\/v2\/pages\/17\/revisions\/857"}],"wp:attachment":[{"href":"https:\/\/zaverecne-prace.ucimesaweby.sk\/steinbach\/wp-json\/wp\/v2\/media?parent=17"}],"curies":[{"name":"wp","href":"https:\/\/api.w.org\/{rel}","templated":true}]}}