{"id":129,"date":"2022-04-03T22:22:11","date_gmt":"2022-04-03T20:22:11","guid":{"rendered":"https:\/\/zaverecne-prace.ucimesaweby.sk\/steinbach\/?page_id=129"},"modified":"2022-05-14T22:57:17","modified_gmt":"2022-05-14T20:57:17","slug":"vyroba-krojovanych-babik-na-slovensku","status":"publish","type":"page","link":"https:\/\/zaverecne-prace.ucimesaweby.sk\/steinbach\/vyroba-krojovanych-babik-na-slovensku\/","title":{"rendered":"V\u00fdvoj v\u00fdroby krojovan\u00fdch b\u00e1bik na Slovensku"},"content":{"rendered":"\n<p>V&nbsp;M\u00fazeu&nbsp;b\u00e1bkarsk\u00fdch kult\u00far a hra\u010diek na hrade Modr\u00fd kame\u0148 s\u00fa uchovan\u00e9 okrem mnoh\u00fdch hra\u010diek aj viacer\u00e9 exempl\u00e1re staro\u017eitn\u00fdch b\u00e1bik a&nbsp;b\u00e1bok v \u013eudovom odeve.<\/p>\n\n\n\n<p>Najstar\u0161ie vystaven\u00e9 postavi\u010dky, ktor\u00e9 maj\u00fa oble\u010denie in\u0161pirovan\u00e9 \u013eudov\u00fdm odevom, s\u00fa fig\u00farky vyroben\u00e9 v&nbsp;uhorskej tov\u00e1rni na hra\u010dky v&nbsp;Bardejove. Tieto postavi\u010dky sa pred\u00e1vali ako suven\u00edry. Tov\u00e1re\u0148 bola zalo\u017een\u00e1 rodinou Maukschovou v&nbsp;roku 1883 a fungovala&nbsp;do roku 1904, zamestn\u00e1vala pribli\u017ene 100 pracovn\u00edkov (Antolov\u00e1 2019).<\/p>\n\n\n\n<div class=\"wp-block-image\"><figure class=\"aligncenter size-full is-resized\"><img loading=\"lazy\" decoding=\"async\" src=\"https:\/\/zaverecne-prace.ucimesaweby.sk\/steinbach\/wp-content\/uploads\/2022\/04\/index.jpg\" alt=\"\" class=\"wp-image-130\" width=\"392\" height=\"293\"\/><figcaption>Fig\u00farky z tov\u00e1rne na hra\u010dky v Bardejove (SNM Modr\u00fd kame\u0148 2019)<\/figcaption><\/figure><\/div>\n\n\n\n<div class=\"wp-block-image\"><figure class=\"aligncenter size-full is-resized\"><img loading=\"lazy\" decoding=\"async\" src=\"https:\/\/zaverecne-prace.ucimesaweby.sk\/steinbach\/wp-content\/uploads\/2022\/04\/Screenshot-2022-04-14-at-16-34-10-Scan-clanku-Antolovej.PDF.png\" alt=\"\" class=\"wp-image-448\" width=\"390\" height=\"313\" srcset=\"https:\/\/zaverecne-prace.ucimesaweby.sk\/steinbach\/wp-content\/uploads\/2022\/04\/Screenshot-2022-04-14-at-16-34-10-Scan-clanku-Antolovej.PDF.png 661w, https:\/\/zaverecne-prace.ucimesaweby.sk\/steinbach\/wp-content\/uploads\/2022\/04\/Screenshot-2022-04-14-at-16-34-10-Scan-clanku-Antolovej.PDF-300x241.png 300w\" sizes=\"auto, (max-width: 390px) 100vw, 390px\" \/><figcaption>Fig\u00farky z tov\u00e1rne na hra\u010dky v Bardejove (SNM Modr\u00fd kame\u0148 2019)<\/figcaption><\/figure><\/div>\n\n\n\n<p>&nbsp;V&nbsp;zbierkach m\u00fazea sa nach\u00e1dzaj\u00fa b\u00e1bky in\u0161pirovan\u00e9 \u013eudov\u00fdm odevom. B\u00e1bkarstvo na Slovensku dosiahlo najv\u00e4\u010d\u0161ieho rozmachu na konci 19. a&nbsp;na za\u010diatku 20. storo\u010dia. Postupne sa b\u00e1bky stali mal\u00fdmi umeleck\u00fdmi dielami, ich n\u00e1vrhu sa venovali uzn\u00e1van\u00ed umelci. B\u00e1bky oble\u010den\u00e9 v&nbsp;\u013eudovom odeve boli samozrejmou s\u00fa\u010das\u0165ou b\u00e1bkov\u00e9ho \u201es\u00faboru\u201c, nako\u013eko hran\u00e9 predstavenia odr\u00e1\u017eali \u017eivot dedinsk\u00e9ho \u013eudu (SNM Modr\u00fd kame\u0148 2019).<\/p>\n\n\n\n<div class=\"wp-block-image\"><figure class=\"aligncenter size-full is-resized\"><img loading=\"lazy\" decoding=\"async\" src=\"https:\/\/zaverecne-prace.ucimesaweby.sk\/steinbach\/wp-content\/uploads\/2022\/04\/261827615_976319776252853_9203518039850477915_n.jpg\" alt=\"\" class=\"wp-image-131\" width=\"497\" height=\"345\" srcset=\"https:\/\/zaverecne-prace.ucimesaweby.sk\/steinbach\/wp-content\/uploads\/2022\/04\/261827615_976319776252853_9203518039850477915_n.jpg 828w, https:\/\/zaverecne-prace.ucimesaweby.sk\/steinbach\/wp-content\/uploads\/2022\/04\/261827615_976319776252853_9203518039850477915_n-300x208.jpg 300w, https:\/\/zaverecne-prace.ucimesaweby.sk\/steinbach\/wp-content\/uploads\/2022\/04\/261827615_976319776252853_9203518039850477915_n-768x533.jpg 768w\" sizes=\"auto, (max-width: 497px) 100vw, 497px\" \/><figcaption>B\u00e1bky v \u013eudovom odeve (SNM Modr\u00fd kame\u0148 2019)<\/figcaption><\/figure><\/div>\n\n\n\n<p>&nbsp;<\/p>\n\n\n\n<div class=\"wp-block-image\"><figure class=\"aligncenter size-full is-resized\"><img loading=\"lazy\" decoding=\"async\" src=\"https:\/\/zaverecne-prace.ucimesaweby.sk\/steinbach\/wp-content\/uploads\/2022\/04\/2020_05_22-07.jpg\" alt=\"\" class=\"wp-image-132\" width=\"506\" height=\"281\" srcset=\"https:\/\/zaverecne-prace.ucimesaweby.sk\/steinbach\/wp-content\/uploads\/2022\/04\/2020_05_22-07.jpg 800w, https:\/\/zaverecne-prace.ucimesaweby.sk\/steinbach\/wp-content\/uploads\/2022\/04\/2020_05_22-07-300x167.jpg 300w, https:\/\/zaverecne-prace.ucimesaweby.sk\/steinbach\/wp-content\/uploads\/2022\/04\/2020_05_22-07-768x426.jpg 768w\" sizes=\"auto, (max-width: 506px) 100vw, 506px\" \/><figcaption>B\u00e1bky v \u013eudovom odeve (SNM Modr\u00fd kame\u0148 2019)<\/figcaption><\/figure><\/div>\n\n\n\n<p>&nbsp;<\/p>\n\n\n\n<p>Absolventka Vy\u0161\u0161ej \u0161koly umeleck\u00e9ho priemyslu v&nbsp;Brne Jitka Petrikovi\u010dov\u00e1 sa podie\u013eala na v\u00fdskumu \u013eudov\u00e9ho odevu realizovan\u00e9ho na pracovisku \u00dastredia \u013eudovej a&nbsp;umeleckej v\u00fdroby (\u010falej \u00da\u013dUV) v&nbsp;Uherskom Hradi\u0161ti. Bohat\u00e1 \u013eudov\u00e1 tvorba ju ovplyvnila v jej umeleckej tvorbe. V&nbsp;roku 1949 sa s&nbsp;mal\u00fdmi krojovan\u00fdmi b\u00e1bikami z\u00fa\u010dastnila v\u00fdstav \u013eudovej tvorby v&nbsp;Brne, Bratislave a&nbsp;Prahe. B\u00e1biky sl\u00fa\u017eili ako dar\u010dekov\u00e9 predmety alebo ako vzdel\u00e1vacie pom\u00f4cky pre pribl\u00ed\u017eenie odevn\u00fdch trad\u00edci\u00ed z&nbsp;vybran\u00fdch lokal\u00edt.<\/p>\n\n\n\n<div class=\"wp-block-image\"><figure class=\"aligncenter size-full is-resized\"><img loading=\"lazy\" decoding=\"async\" src=\"https:\/\/zaverecne-prace.ucimesaweby.sk\/steinbach\/wp-content\/uploads\/2022\/04\/Screenshot-2021-11-15-at-18-40-27-Zbornik-Etnografia-58-2017-pdf.png\" alt=\"\" class=\"wp-image-133\" width=\"359\" height=\"437\" srcset=\"https:\/\/zaverecne-prace.ucimesaweby.sk\/steinbach\/wp-content\/uploads\/2022\/04\/Screenshot-2021-11-15-at-18-40-27-Zbornik-Etnografia-58-2017-pdf.png 338w, https:\/\/zaverecne-prace.ucimesaweby.sk\/steinbach\/wp-content\/uploads\/2022\/04\/Screenshot-2021-11-15-at-18-40-27-Zbornik-Etnografia-58-2017-pdf-246x300.png 246w\" sizes=\"auto, (max-width: 359px) 100vw, 359px\" \/><figcaption>Krojovan\u00e9 b\u00e1biky od Jitky Petrikovi\u010dovej (Pekar\u00edkov\u00e1 2017)<\/figcaption><\/figure><\/div>\n\n\n\n<p>&nbsp;<\/p>\n\n\n\n<p>V&nbsp;tom istom obdob\u00ed minul\u00e9ho storo\u010dia sa majsterka \u013eudovej umeleckej tvorby Seraf\u00edna P\u00e1tkov\u00e1 z&nbsp;Dvorn\u00edkov pri Hlohovci zaoberala v\u00fdrobou mal\u00fdch textiln\u00fdch krojovan\u00fdch b\u00e1bik v \u0161tylizovan\u00fdch krojoch z&nbsp;cel\u00e9ho Slovenska. Od roku 1958 za\u010dala spolupracova\u0165 s&nbsp;\u00da\u013dUV-om v Bratislave v&nbsp;odvetv\u00ed krojovan\u00fdch b\u00e1bik a pod\u013ea n\u00e1vrhov v\u00fdtvarn\u00ed\u010dky Kamily Rauchovej vytv\u00e1rala suven\u00edrov\u00e9 textiln\u00e9 krojovan\u00e9 fig\u00farky (Chlupov\u00e1 1980)<\/p>\n\n\n\n<div class=\"wp-block-image\"><figure class=\"aligncenter size-full\"><img loading=\"lazy\" decoding=\"async\" width=\"387\" height=\"299\" src=\"https:\/\/zaverecne-prace.ucimesaweby.sk\/steinbach\/wp-content\/uploads\/2022\/04\/Screenshot-2021-11-21-at-12-09-46-Narodopisne-aktuality-1980-4.png\" alt=\"\" class=\"wp-image-134\" srcset=\"https:\/\/zaverecne-prace.ucimesaweby.sk\/steinbach\/wp-content\/uploads\/2022\/04\/Screenshot-2021-11-21-at-12-09-46-Narodopisne-aktuality-1980-4.png 387w, https:\/\/zaverecne-prace.ucimesaweby.sk\/steinbach\/wp-content\/uploads\/2022\/04\/Screenshot-2021-11-21-at-12-09-46-Narodopisne-aktuality-1980-4-300x232.png 300w\" sizes=\"auto, (max-width: 387px) 100vw, 387px\" \/><figcaption>Textiln\u00e9 b\u00e1biky v \u013eudovom odeve z Jakubian, vyrobila S. P\u00e1tkov\u00e1 (Janek 1959)<\/figcaption><\/figure><\/div>\n\n\n\n<p>&nbsp;<\/p>\n\n\n\n<p><strong>Kolekcia krojovan\u00fdch b\u00e1bik, \u00dania \u017eien Slovenska<\/strong> &#8211; Z&nbsp;rozhovoru s&nbsp;kur\u00e1torkou a&nbsp;etnologi\u010dkou Erikou Antolovou z&nbsp;M\u00fazea b\u00e1bkarsk\u00fdch kult\u00far a&nbsp;hra\u010diek na hrade Modr\u00fd kame\u0148 sme sa dozvedeli, \u017ee 25 kusov b\u00e1bik, ktor\u00e9 boli p\u00f4vodne vyroben\u00e9 v&nbsp;r\u00e1mci projektu \u00danie \u017eien na Slovensku, sa nach\u00e1dza v&nbsp;zbierkovom fonde m\u00fazea. B\u00e1biky nie s\u00fa aktu\u00e1lne s\u00fa\u010das\u0165ou st\u00e1lej expoz\u00edcie (Antolov\u00e1 2021).<\/p>\n\n\n\n<div class=\"wp-block-image\"><figure class=\"aligncenter size-large is-resized\"><img loading=\"lazy\" decoding=\"async\" src=\"https:\/\/zaverecne-prace.ucimesaweby.sk\/steinbach\/wp-content\/uploads\/2022\/04\/Screenshot-2021-11-21-at-10-01-34-Vyhladavanie-Slovakiana-1024x659.png\" alt=\"\" class=\"wp-image-135\" width=\"834\" height=\"536\" srcset=\"https:\/\/zaverecne-prace.ucimesaweby.sk\/steinbach\/wp-content\/uploads\/2022\/04\/Screenshot-2021-11-21-at-10-01-34-Vyhladavanie-Slovakiana-1024x659.png 1024w, https:\/\/zaverecne-prace.ucimesaweby.sk\/steinbach\/wp-content\/uploads\/2022\/04\/Screenshot-2021-11-21-at-10-01-34-Vyhladavanie-Slovakiana-300x193.png 300w, https:\/\/zaverecne-prace.ucimesaweby.sk\/steinbach\/wp-content\/uploads\/2022\/04\/Screenshot-2021-11-21-at-10-01-34-Vyhladavanie-Slovakiana-768x495.png 768w, https:\/\/zaverecne-prace.ucimesaweby.sk\/steinbach\/wp-content\/uploads\/2022\/04\/Screenshot-2021-11-21-at-10-01-34-Vyhladavanie-Slovakiana.png 1143w\" sizes=\"auto, (max-width: 834px) 100vw, 834px\" \/><figcaption>Krojovan\u00e9 b\u00e1biky z kolekcie \u00danie \u017eien na Slovensku (Slovakiana 1995)<\/figcaption><\/figure><\/div>\n\n\n\n<p>&nbsp;<\/p>\n\n\n\n<p>V&nbsp;rokoch 1995-1996 bola v&nbsp;r\u00e1mci projektu \u00danie \u017eien Slovenska vyhotoven\u00e1 kolekcia krojovan\u00fdch b\u00e1bik pod n\u00e1zvom \u201eMinikroje\u201c. Na projekte sa podie\u013eala takmer stovka \u017eien, ktor\u00e1 vytvorila viac ako sto b\u00e1bik odet\u00fdch do \u013eudov\u00e9ho odevu. Tieto b\u00e1biky sa d\u00e1vali do daru \u0161t\u00e1tnym \u010dinite\u013eom \u010di zahrani\u010dn\u00fdm n\u00e1v\u0161tev\u00e1m (Kanalov\u00e1 2014).<\/p>\n\n\n\n<p>B\u00e1biky z&nbsp;projektu \u201eMinikroje\u201c, ktor\u00e9 ostali vo vlastn\u00edctve \u00danie \u017eien Slovenska, boli vystavovan\u00e9 na r\u00f4znych miestach. Verejnos\u0165 o ne prejavila ve\u013ek\u00fd z\u00e1ujem a&nbsp;preto sa v\u00fdstava stala putovnou. \u201e<em>Na\u0161a organiz\u00e1cia, \u00dania \u017eien Slovenska, zamestn\u00e1vala e\u0161te pred 20 rokmi v r\u00e1mci verejnoprospe\u0161n\u00fdch pr\u00e1c mnoh\u00e9 \u017eeny. Tie chodili po dedin\u00e1ch a z truhl\u00edc vyberali star\u00e9 kroje, z ktor\u00fdch vyr\u00e1bali tieto b\u00e1biky,\u201c<\/em> vysvet\u013euje po\u010diatky Anna Capov\u00e1, predsedn\u00ed\u010dka Krajskej organiz\u00e1cie \u00danie \u017eien Slovenska (Pihuli\u010dov\u00e1 2014).<\/p>\n\n\n\n<p><strong>Kolekcia krojovan\u00fdch b\u00e1bik, \u00da\u013dUV &#8211; <\/strong>V&nbsp;M\u00fazeu \u013eudovej umeleckej tvorby so s\u00eddlom v&nbsp;Stupave sa nach\u00e1dza kolekcia textiln\u00fdch krojovan\u00fdch b\u00e1bik z&nbsp;r\u00fak v\u00fdtvarn\u00ed\u010dok \u00da\u013dUV-u Kamily Rauchovej a&nbsp;Evy Kov\u00e1\u010dovej. V&nbsp;zmen\u0161enej a&nbsp;\u0161tylizovanej podobe preniesli na krojovan\u00e9 b\u00e1biky \u013eudov\u00fd odev z&nbsp;r\u00f4znych k\u00fatov Slovenska, s\u00fa odet\u00e9 do pracovn\u00e9ho, sviato\u010dn\u00e9ho, svadobn\u00e9ho, \u010di zimn\u00e9ho \u013eudov\u00e9ho odevu. Kolekcia s\u010d\u00edta celkom 99 kusov b\u00e1bik z&nbsp;rokov 1956 a\u017e 1979 (\u00da\u013dUV 2017).<\/p>\n\n\n\n<div class=\"wp-block-image\"><figure class=\"aligncenter size-large is-resized\"><img loading=\"lazy\" decoding=\"async\" src=\"https:\/\/zaverecne-prace.ucimesaweby.sk\/steinbach\/wp-content\/uploads\/2022\/04\/17991292_1635500303145161_9140284467041190695_o-1024x683.jpg\" alt=\"\" class=\"wp-image-136\" width=\"540\" height=\"360\" srcset=\"https:\/\/zaverecne-prace.ucimesaweby.sk\/steinbach\/wp-content\/uploads\/2022\/04\/17991292_1635500303145161_9140284467041190695_o-1024x683.jpg 1024w, https:\/\/zaverecne-prace.ucimesaweby.sk\/steinbach\/wp-content\/uploads\/2022\/04\/17991292_1635500303145161_9140284467041190695_o-300x200.jpg 300w, https:\/\/zaverecne-prace.ucimesaweby.sk\/steinbach\/wp-content\/uploads\/2022\/04\/17991292_1635500303145161_9140284467041190695_o-768x512.jpg 768w, https:\/\/zaverecne-prace.ucimesaweby.sk\/steinbach\/wp-content\/uploads\/2022\/04\/17991292_1635500303145161_9140284467041190695_o-1536x1024.jpg 1536w, https:\/\/zaverecne-prace.ucimesaweby.sk\/steinbach\/wp-content\/uploads\/2022\/04\/17991292_1635500303145161_9140284467041190695_o.jpg 2048w\" sizes=\"auto, (max-width: 540px) 100vw, 540px\" \/><figcaption>Textiln\u00e9 krojovan\u00e9 b\u00e1biky z kolekcie \u00da\u013dUVu (\u00da\u013dUV 2017)<\/figcaption><\/figure><\/div>\n\n\n\n<p>&nbsp;<\/p>\n\n\n\n<div style=\"height:44px\" aria-hidden=\"true\" class=\"wp-block-spacer\"><\/div>\n\n\n\n<p>ANTOLOV\u00c1, Erika, 2019. Tov\u00e1re\u0148 na v\u00fdrobu hra\u010diek v&nbsp;Bardejove 1884 \u2013 1904. Hist\u00f3ria a&nbsp;produkty zachovan\u00e9 v&nbsp;zbierkach m\u00faze\u00ed. In: <em>M\u00fazeum 4\/2019<\/em>. Bratislava: Slovensk\u00e9 n\u00e1rodn\u00e9 m\u00fazeum. ISSN 0027-5263.<\/p>\n\n\n\n<p>BU\u010cEKOV\u00c1, Alena, 2019. \u017divena, spolok slovensk\u00fdch \u017eien; Miestny odbor \u017divena Bratislava. In: <em>Facebook <\/em>&nbsp;[online]. 19-03-2019 [cit. 2021-11-20]. Dostupn\u00e9 na:&nbsp; <a href=\"https:\/\/m.facebook.com\/188200847902788\/posts\/2291194867603365\/\">https:\/\/m.facebook.com\/188200847902788\/posts\/2291194867603365\/<\/a><u><\/u><\/p>\n\n\n\n<p>CHLUPOV\u00c1, Anna, 1980. Majsterka Seraf\u00edna P\u00e1tkov\u00e1. In: <em>N\u00e1rodopisn\u00e9 aktuality,<\/em> ro\u010d. XVII &#8211; 1980, \u010d. 4 [online]. 1980 [cit. 2021-11-21]. Dostupn\u00e9 na:&nbsp;&nbsp;&nbsp; <a href=\"https:\/\/na.nulk.cz\/1980\/4\/Nr.html\">https:\/\/na.nulk.cz\/1980\/4\/Nr.html<\/a><\/p>\n\n\n\n<p>JANEK, P. , 1959. Fotoarch\u00edv \u00da\u013dUV Bratislava [fotografia]. In: <em>N\u00e1rodopisn\u00e9 aktuality,<\/em> ro\u010d. XVII &#8211; 1980, \u010d. 4 [online]. 1959 [cit. 2021-11-21]. Dostupn\u00e9 na:&nbsp;&nbsp;&nbsp; <a href=\"https:\/\/na.nulk.cz\/1980\/4\/Nr.html\">https:\/\/na.nulk.cz\/1980\/4\/Nr.html<\/a><\/p>\n\n\n\n<p>KANALOV\u00c1, Marta, 2014.&nbsp; V m\u00fazeu vystavuj\u00fa krojovan\u00e9 b\u00e1biky. <em>In: Rimavsk\u00e1 Sobota<\/em>&nbsp; [online]. 2014 [cit. 2021-11-20]. Dostupn\u00e9 na: <a href=\"https:\/\/www.rimavskasobota.sk\/?program=51&amp;&amp;module_action__0__id_ci=52742\">https:\/\/www.rimavskasobota.sk\/?program=51&amp;&amp;module_action__0__id_ci=52742<\/a><\/p>\n\n\n\n<p>PEKAR\u00cdKOV\u00c1, Barbora, 2017. K&nbsp;tvorbe Jitky Petrikovi\u010dovej v&nbsp;obdob\u00ed 1950 \u2013 1969&nbsp; In: <em>Zborn\u00edk Slovensk\u00e9ho n\u00e1rodn\u00e9ho m\u00fazea v&nbsp;Martine.<\/em> ETNOGRAFIA 58. RO\u010cN\u00cdK, CXI \u2013 2017. ISBN 978-80-8060-421-9. ISSN 0139-5475, str. 133 [online]. 2017 [cit. 2021-11-20]. Dostupn\u00e9 na:&nbsp;&nbsp; <a href=\"https:\/\/www.snm.sk\/swift_data\/source\/muzea_v_martine\/oznamy\/zborniky\/Zbornik%20Etnografia%2058%202017.pdf\">https:\/\/www.snm.sk\/swift_data\/source\/muzea_v_martine\/oznamy\/zborniky\/Zbornik%20Etnografia%2058%202017.pdf<\/a><\/p>\n\n\n\n<p>PIHULI\u010cOV\u00c1, M\u00e1ria, 2014. Slovensk\u00e9 b\u00e1biky v krojoch s\u00fa v zahrani\u010d\u00ed cenn\u00fdm darom. In: <em>Sme.sk<\/em> [online]. 15-04-2014 [cit. 2021-11-20]. Dostupn\u00e9 na:&nbsp; <a href=\"https:\/\/presov.korzar.sme.sk\/c\/7171023\/slovenske-babiky-v-krojoch-su-v-zahranici-cennym-darom.html\">https:\/\/presov.korzar.sme.sk\/c\/7171023\/slovenske-babiky-v-krojoch-su-v-zahranici-cennym-darom.html<\/a><\/p>\n\n\n\n<p>SLOVAKIANA, 1995. [fotografia]. [online]. 1995 [cit. 2021-11-25]. Dostupn\u00e9 na:&nbsp; <a href=\"https:\/\/www.slovakiana.sk\/vyhladavanie?tag=Krojovan%C3%A1+b%C3%A1bika\">https:\/\/www.slovakiana.sk\/vyhladavanie?tag=Krojovan%C3%A1+b%C3%A1bika<\/a><\/p>\n\n\n\n<p>SNM MODR\u00dd KAME\u0147 &#8211; SLOVENSK\u00c9 N\u00c1RODN\u00c9 M\u00daZEUM &#8211; M\u00daZEUM B\u00c1BKARSK\u00ddCH KULT\u00daR A&nbsp;HRA\u010cIEK NA HRADE MODR\u00dd KAME\u0147, 2019 [online]. 2019&nbsp; [cit. 2021-11-25]. Dostupn\u00e9 na: <a href=\"https:\/\/hradmodrykamen.sk\">https:\/\/hradmodrykamen.sk<\/a><\/p>\n\n\n\n<p>\u00da\u013dUV &#8211; \u00daSTREDIE \u013dUDOVEJ UMELECKEJ V\u00ddROBY v Bratislave, 2017. In:<em> Facebook<\/em> [online]. 20-04-2017 [cit. 2021-11-21]. Dostupn\u00e9 na:&nbsp;&nbsp; <a href=\"https:\/\/www.facebook.com\/ULUVSK\/posts\/1635500769811781\/\">https:\/\/www.facebook.com\/ULUVSK\/posts\/1635500769811781\/<\/a><\/p>\n","protected":false},"excerpt":{"rendered":"<p>V&nbsp;M\u00fazeu&nbsp;b\u00e1bkarsk\u00fdch kult\u00far a hra\u010diek na hrade Modr\u00fd kame\u0148 s\u00fa uchovan\u00e9 okrem mnoh\u00fdch hra\u010diek aj viacer\u00e9 exempl\u00e1re staro\u017eitn\u00fdch b\u00e1bik a&nbsp;b\u00e1bok v \u013eudovom odeve. Najstar\u0161ie vystaven\u00e9 postavi\u010dky, ktor\u00e9 maj\u00fa oble\u010denie in\u0161pirovan\u00e9 \u013eudov\u00fdm odevom, s\u00fa fig\u00farky vyroben\u00e9 v&nbsp;uhorskej tov\u00e1rni na hra\u010dky v&nbsp;Bardejove. Tieto postavi\u010dky sa pred\u00e1vali ako suven\u00edry. Tov\u00e1re\u0148 bola zalo\u017een\u00e1 rodinou Maukschovou v&nbsp;roku 1883 a fungovala&nbsp;do roku 1904, zamestn\u00e1vala pribli\u017ene 100 pracovn\u00edkov (Antolov\u00e1 2019). &nbsp;V&nbsp;zbierkach m\u00fazea sa nach\u00e1dzaj\u00fa b\u00e1bky in\u0161pirovan\u00e9 \u013eudov\u00fdm odevom. B\u00e1bkarstvo na Slovensku dosiahlo najv\u00e4\u010d\u0161ieho rozmachu na konci 19. a&nbsp;na za\u010diatku 20. storo\u010dia. Postupne sa b\u00e1bky stali mal\u00fdmi umeleck\u00fdmi dielami, ich n\u00e1vrhu sa venovali uzn\u00e1van\u00ed umelci. B\u00e1bky oble\u010den\u00e9 v&nbsp;\u013eudovom odeve boli samozrejmou s\u00fa\u010das\u0165ou b\u00e1bkov\u00e9ho \u201es\u00faboru\u201c, nako\u013eko hran\u00e9 predstavenia odr\u00e1\u017eali \u017eivot dedinsk\u00e9ho \u013eudu (SNM Modr\u00fd kame\u0148 2019). &nbsp; &nbsp; Absolventka Vy\u0161\u0161ej \u0161koly umeleck\u00e9ho priemyslu v&nbsp;Brne Jitka Petrikovi\u010dov\u00e1 sa podie\u013eala na v\u00fdskumu \u013eudov\u00e9ho odevu realizovan\u00e9ho na pracovisku \u00dastredia \u013eudovej a&nbsp;umeleckej v\u00fdroby (\u010falej \u00da\u013dUV) v&nbsp;Uherskom Hradi\u0161ti. Bohat\u00e1 \u013eudov\u00e1 tvorba ju ovplyvnila v jej umeleckej tvorbe. V&nbsp;roku 1949 sa s&nbsp;mal\u00fdmi krojovan\u00fdmi b\u00e1bikami z\u00fa\u010dastnila v\u00fdstav \u013eudovej tvorby v&nbsp;Brne, Bratislave a&nbsp;Prahe. B\u00e1biky sl\u00fa\u017eili ako dar\u010dekov\u00e9 predmety alebo ako vzdel\u00e1vacie pom\u00f4cky pre pribl\u00ed\u017eenie odevn\u00fdch trad\u00edci\u00ed z&nbsp;vybran\u00fdch lokal\u00edt. &nbsp; V&nbsp;tom istom obdob\u00ed minul\u00e9ho storo\u010dia sa majsterka \u013eudovej umeleckej tvorby Seraf\u00edna P\u00e1tkov\u00e1 z&nbsp;Dvorn\u00edkov pri Hlohovci zaoberala v\u00fdrobou mal\u00fdch textiln\u00fdch krojovan\u00fdch b\u00e1bik v \u0161tylizovan\u00fdch krojoch z&nbsp;cel\u00e9ho Slovenska. Od roku 1958 za\u010dala spolupracova\u0165 s&nbsp;\u00da\u013dUV-om v Bratislave v&nbsp;odvetv\u00ed krojovan\u00fdch b\u00e1bik a pod\u013ea n\u00e1vrhov v\u00fdtvarn\u00ed\u010dky Kamily Rauchovej vytv\u00e1rala suven\u00edrov\u00e9 textiln\u00e9 krojovan\u00e9 fig\u00farky (Chlupov\u00e1 1980) &nbsp; Kolekcia krojovan\u00fdch b\u00e1bik, \u00dania \u017eien Slovenska &#8211; Z&nbsp;rozhovoru s&nbsp;kur\u00e1torkou a&nbsp;etnologi\u010dkou Erikou Antolovou z&nbsp;M\u00fazea b\u00e1bkarsk\u00fdch kult\u00far a&nbsp;hra\u010diek na hrade Modr\u00fd kame\u0148 sme sa dozvedeli, \u017ee 25 kusov b\u00e1bik, ktor\u00e9 boli p\u00f4vodne vyroben\u00e9 v&nbsp;r\u00e1mci projektu \u00danie \u017eien na Slovensku, sa nach\u00e1dza v&nbsp;zbierkovom fonde m\u00fazea. B\u00e1biky nie s\u00fa aktu\u00e1lne s\u00fa\u010das\u0165ou st\u00e1lej expoz\u00edcie (Antolov\u00e1 2021). &nbsp; V&nbsp;rokoch 1995-1996 bola v&nbsp;r\u00e1mci projektu \u00danie \u017eien Slovenska vyhotoven\u00e1 kolekcia krojovan\u00fdch b\u00e1bik pod n\u00e1zvom \u201eMinikroje\u201c. Na projekte sa podie\u013eala takmer stovka \u017eien, ktor\u00e1 vytvorila viac ako sto b\u00e1bik odet\u00fdch do \u013eudov\u00e9ho odevu. Tieto b\u00e1biky sa d\u00e1vali do daru \u0161t\u00e1tnym \u010dinite\u013eom \u010di zahrani\u010dn\u00fdm n\u00e1v\u0161tev\u00e1m (Kanalov\u00e1 2014). B\u00e1biky z&nbsp;projektu \u201eMinikroje\u201c, ktor\u00e9 ostali vo vlastn\u00edctve \u00danie \u017eien Slovenska, boli vystavovan\u00e9 na r\u00f4znych miestach. Verejnos\u0165 o ne prejavila ve\u013ek\u00fd z\u00e1ujem a&nbsp;preto sa v\u00fdstava stala putovnou. \u201eNa\u0161a organiz\u00e1cia, \u00dania \u017eien Slovenska, zamestn\u00e1vala e\u0161te pred 20 rokmi v r\u00e1mci verejnoprospe\u0161n\u00fdch pr\u00e1c mnoh\u00e9 \u017eeny. Tie chodili po dedin\u00e1ch a z truhl\u00edc vyberali star\u00e9 kroje, z ktor\u00fdch vyr\u00e1bali tieto b\u00e1biky,\u201c vysvet\u013euje po\u010diatky Anna Capov\u00e1, predsedn\u00ed\u010dka Krajskej organiz\u00e1cie \u00danie \u017eien Slovenska (Pihuli\u010dov\u00e1 2014). Kolekcia krojovan\u00fdch b\u00e1bik, \u00da\u013dUV &#8211; V&nbsp;M\u00fazeu \u013eudovej umeleckej tvorby so s\u00eddlom v&nbsp;Stupave sa nach\u00e1dza kolekcia textiln\u00fdch krojovan\u00fdch b\u00e1bik z&nbsp;r\u00fak v\u00fdtvarn\u00ed\u010dok \u00da\u013dUV-u Kamily Rauchovej a&nbsp;Evy Kov\u00e1\u010dovej. V&nbsp;zmen\u0161enej a&nbsp;\u0161tylizovanej podobe preniesli na krojovan\u00e9 b\u00e1biky \u013eudov\u00fd odev z&nbsp;r\u00f4znych k\u00fatov Slovenska, s\u00fa odet\u00e9 do pracovn\u00e9ho, sviato\u010dn\u00e9ho, svadobn\u00e9ho, \u010di zimn\u00e9ho \u013eudov\u00e9ho odevu. Kolekcia s\u010d\u00edta celkom 99 kusov b\u00e1bik z&nbsp;rokov 1956 a\u017e 1979 (\u00da\u013dUV 2017). &nbsp; ANTOLOV\u00c1, Erika, 2019. Tov\u00e1re\u0148 na v\u00fdrobu hra\u010diek v&nbsp;Bardejove 1884 \u2013 1904. Hist\u00f3ria a&nbsp;produkty zachovan\u00e9 v&nbsp;zbierkach m\u00faze\u00ed. In: M\u00fazeum 4\/2019. Bratislava: Slovensk\u00e9 n\u00e1rodn\u00e9 m\u00fazeum. ISSN 0027-5263. BU\u010cEKOV\u00c1, Alena, 2019. \u017divena, spolok slovensk\u00fdch \u017eien; Miestny odbor \u017divena Bratislava. In: Facebook &nbsp;[online]. 19-03-2019 [cit. 2021-11-20]. Dostupn\u00e9 na:&nbsp; https:\/\/m.facebook.com\/188200847902788\/posts\/2291194867603365\/ CHLUPOV\u00c1, Anna, 1980. Majsterka Seraf\u00edna P\u00e1tkov\u00e1. In: N\u00e1rodopisn\u00e9 aktuality, ro\u010d. XVII &#8211; 1980, \u010d. 4 [online]. 1980 [cit. 2021-11-21]. Dostupn\u00e9 na:&nbsp;&nbsp;&nbsp; https:\/\/na.nulk.cz\/1980\/4\/Nr.html JANEK, P. , 1959. Fotoarch\u00edv \u00da\u013dUV Bratislava [fotografia]. In: N\u00e1rodopisn\u00e9 aktuality, ro\u010d. XVII &#8211; 1980, \u010d. 4 [online]. 1959 [cit. 2021-11-21]. Dostupn\u00e9 na:&nbsp;&nbsp;&nbsp; https:\/\/na.nulk.cz\/1980\/4\/Nr.html KANALOV\u00c1, Marta, 2014.&nbsp; V m\u00fazeu vystavuj\u00fa krojovan\u00e9 b\u00e1biky. In: Rimavsk\u00e1 Sobota&nbsp; [online]. 2014 [cit. 2021-11-20]. Dostupn\u00e9 na: https:\/\/www.rimavskasobota.sk\/?program=51&amp;&amp;module_action__0__id_ci=52742 PEKAR\u00cdKOV\u00c1, Barbora, 2017. K&nbsp;tvorbe Jitky Petrikovi\u010dovej v&nbsp;obdob\u00ed 1950 \u2013 1969&nbsp; In: Zborn\u00edk Slovensk\u00e9ho n\u00e1rodn\u00e9ho m\u00fazea v&nbsp;Martine. ETNOGRAFIA 58. RO\u010cN\u00cdK, CXI \u2013 2017. ISBN 978-80-8060-421-9. ISSN 0139-5475, str. 133 [online]. 2017 [cit. 2021-11-20]. Dostupn\u00e9 na:&nbsp;&nbsp; https:\/\/www.snm.sk\/swift_data\/source\/muzea_v_martine\/oznamy\/zborniky\/Zbornik%20Etnografia%2058%202017.pdf PIHULI\u010cOV\u00c1, M\u00e1ria, 2014. Slovensk\u00e9 b\u00e1biky v krojoch s\u00fa v zahrani\u010d\u00ed cenn\u00fdm darom. In: Sme.sk [online]. 15-04-2014 [cit. 2021-11-20]. Dostupn\u00e9 na:&nbsp; https:\/\/presov.korzar.sme.sk\/c\/7171023\/slovenske-babiky-v-krojoch-su-v-zahranici-cennym-darom.html SLOVAKIANA, 1995. [fotografia]. [online]. 1995 [cit. 2021-11-25]. Dostupn\u00e9 na:&nbsp; https:\/\/www.slovakiana.sk\/vyhladavanie?tag=Krojovan%C3%A1+b%C3%A1bika SNM MODR\u00dd KAME\u0147 &#8211; SLOVENSK\u00c9 N\u00c1RODN\u00c9 M\u00daZEUM &#8211; M\u00daZEUM B\u00c1BKARSK\u00ddCH KULT\u00daR A&nbsp;HRA\u010cIEK NA HRADE MODR\u00dd KAME\u0147, 2019 [online]. 2019&nbsp; [cit. 2021-11-25]. Dostupn\u00e9 na: https:\/\/hradmodrykamen.sk \u00da\u013dUV &#8211; \u00daSTREDIE \u013dUDOVEJ UMELECKEJ V\u00ddROBY v Bratislave, 2017. In: Facebook [online]. 20-04-2017 [cit. 2021-11-21]. Dostupn\u00e9 na:&nbsp;&nbsp; https:\/\/www.facebook.com\/ULUVSK\/posts\/1635500769811781\/<\/p>\n","protected":false},"author":1,"featured_media":0,"parent":0,"menu_order":0,"comment_status":"closed","ping_status":"closed","template":"","meta":{"ngg_post_thumbnail":0,"footnotes":""},"class_list":["post-129","page","type-page","status-publish","hentry"],"_links":{"self":[{"href":"https:\/\/zaverecne-prace.ucimesaweby.sk\/steinbach\/wp-json\/wp\/v2\/pages\/129","targetHints":{"allow":["GET"]}}],"collection":[{"href":"https:\/\/zaverecne-prace.ucimesaweby.sk\/steinbach\/wp-json\/wp\/v2\/pages"}],"about":[{"href":"https:\/\/zaverecne-prace.ucimesaweby.sk\/steinbach\/wp-json\/wp\/v2\/types\/page"}],"author":[{"embeddable":true,"href":"https:\/\/zaverecne-prace.ucimesaweby.sk\/steinbach\/wp-json\/wp\/v2\/users\/1"}],"replies":[{"embeddable":true,"href":"https:\/\/zaverecne-prace.ucimesaweby.sk\/steinbach\/wp-json\/wp\/v2\/comments?post=129"}],"version-history":[{"count":11,"href":"https:\/\/zaverecne-prace.ucimesaweby.sk\/steinbach\/wp-json\/wp\/v2\/pages\/129\/revisions"}],"predecessor-version":[{"id":1177,"href":"https:\/\/zaverecne-prace.ucimesaweby.sk\/steinbach\/wp-json\/wp\/v2\/pages\/129\/revisions\/1177"}],"wp:attachment":[{"href":"https:\/\/zaverecne-prace.ucimesaweby.sk\/steinbach\/wp-json\/wp\/v2\/media?parent=129"}],"curies":[{"name":"wp","href":"https:\/\/api.w.org\/{rel}","templated":true}]}}