{"id":448,"date":"2023-01-20T23:14:37","date_gmt":"2023-01-20T22:14:37","guid":{"rendered":"https:\/\/zaverecne-prace.ucimesaweby.sk\/palfy\/?page_id=448"},"modified":"2023-01-20T23:14:37","modified_gmt":"2023-01-20T22:14:37","slug":"pripravne-kurzy","status":"publish","type":"page","link":"https:\/\/zaverecne-prace.ucimesaweby.sk\/palfy\/pripravne-kurzy\/","title":{"rendered":"Pr\u00edpravn\u00e9 kurzy"},"content":{"rendered":"<section class=\"l-section wpb_row height_auto width_full\"><div class=\"l-section-h i-cf\"><div class=\"g-cols vc_row via_grid cols_1 laptops-cols_inherit tablets-cols_inherit mobiles-cols_1 valign_top type_default stacking_default\"><div class=\"wpb_column vc_column_container\"><div class=\"vc_column-inner\"><section class=\"l-section wpb_row us_custom_d9f2040e height_medium width_full\"><div class=\"l-section-overlay\" style=\"background:rgba(0,0,0,0.25)\"><\/div><div class=\"l-section-h i-cf\"><div class=\"g-cols vc_row via_grid cols_1 laptops-cols_inherit tablets-cols_inherit mobiles-cols_1 valign_top type_default stacking_default\"><div class=\"wpb_column vc_column_container\"><div class=\"vc_column-inner\"><div class=\"w-separator size_small\"><\/div><h1 class=\"w-post-elm post_title us_custom_6df4bc3a has_text_color align_center entry-title color_link_inherit\">Pr\u00edpravn\u00e9 kurzy<\/h1><div class=\"w-separator size_small\"><\/div><\/div><\/div><\/div><\/div><\/section>\n<\/div><\/div><\/div><\/div><\/section><section class=\"l-section wpb_row height_medium\"><div class=\"l-section-h i-cf\"><div class=\"g-cols vc_row via_grid cols_1 laptops-cols_inherit tablets-cols_inherit mobiles-cols_1 valign_top type_default stacking_default\"><div class=\"wpb_column vc_column_container\"><div class=\"vc_column-inner\"><div class=\"g-cols wpb_row via_grid cols_2 laptops-cols_inherit tablets-cols_inherit mobiles-cols_1 valign_top type_default stacking_default\"><div class=\"wpb_column vc_column_container\"><div class=\"vc_column-inner\"><h2 class=\"w-text\"><span url class=\"w-text-h\"><span class=\"w-text-value\">Pr\u00edpravn\u00e9 kurzy pre prv\u00e1kov<\/span><\/span><\/h2><div class=\"w-separator size_small\"><\/div><div class=\"wpb_text_column\"><div class=\"wpb_wrapper\"><p><strong>Pre v\u00e1s, ktor\u00ed ku n\u00e1m prich\u00e1dzate prv\u00fdkr\u00e1t,<\/strong>\u00a0organizujeme pr\u00edpravn\u00fd kurz, ktor\u00fd\u00a0<strong>v\u00e1m zabezpe\u010d\u00ed lep\u0161iu orient\u00e1ciu na na\u0161ej fakulte<\/strong>\u00a0(prostredie fakulty, podporn\u00e9 prostriedky vzdel\u00e1vania, elektronick\u00e9 vzdel\u00e1vanie, vyu\u017e\u00edvanie kni\u017enice \u00a0at\u010f.) a\u00a0<strong>poskytne v\u00e1m vedomosti<\/strong>, ktor\u00e9 tvoria neodmyslite\u013en\u00fa s\u00fa\u010das\u0165 v\u00e1\u0161ho \u0161t\u00fadia a\u00a0budete ich ka\u017edodenne pou\u017e\u00edva\u0165 pri vyu\u010dovacom procese.<\/p>\n<p>Aby sme v\u00e1m v\u00e1\u0161 pr\u00edchod a\u00a0adapt\u00e1ciu do akademick\u00e9ho prostredia \u010do najviac u\u013eah\u010dili, pripravili sme pre v\u00e1s\u00a0<strong>s\u00e9riu predn\u00e1\u0161ok a\u00a0uk\u00e1\u017eok praktick\u00fdch zru\u010dnost\u00ed<\/strong>,\u00a0<strong>ktor\u00e9 mus\u00ed ma\u0165 vysoko\u0161kolsk\u00fd \u0161tudent<\/strong>\u00a0osvojen\u00e9, a\u00a0to z\u00a0nasleduj\u00facich oblast\u00ed:<\/p>\n<\/div><\/div><\/div><\/div><div class=\"wpb_column vc_column_container\"><div class=\"vc_column-inner\"><div class=\"wpb_text_column\"><div class=\"wpb_wrapper\"><ol>\n<li>Tvorba<strong>\u00a0pokro\u010dil\u00fdch textov\u00fdch<\/strong>\u00a0dokumentov<\/li>\n<li>Pr\u00e1ca v\u00a0prostred\u00ed\u00a0<strong>MS Excel<\/strong><\/li>\n<li>Tvorba\u00a0<strong>prezent\u00e1ci\u00ed<\/strong><\/li>\n<li>N\u00e1stroje na komunik\u00e1ciu a\u00a0organiz\u00e1ciu \u0161t\u00fadia (<strong>Office 365<\/strong>)<\/li>\n<li>Syst\u00e9m<strong>\u00a0e-vzdel\u00e1vanie, LDAP, Moodle<\/strong>\u00a0UNIZA<\/li>\n<li><strong>Cita\u010dn\u00e1 etika<\/strong>\u00a0a\u00a0z\u00e1sady jej uplat\u0148ovania v\u00a0prostred\u00ed FHV UNIZA<\/li>\n<li><strong>Univerzitn\u00e1 kni\u017enica<\/strong>\u00a0UNIZA<\/li>\n<li><strong>Inform\u00e1cie o\u00a0fakulte<\/strong><\/li>\n<li><strong>Stravovacie zariadenia<\/strong>\u00a0UNIZA,\u00a0<strong>ubytovanie<\/strong>\u00a0\u2013 intern\u00e1ty<\/li>\n<\/ol>\n<\/div><\/div><\/div><\/div><\/div><div class=\"w-separator size_medium\"><\/div><div class=\"g-cols wpb_row us_custom_707a31d0 via_grid cols_1 laptops-cols_inherit tablets-cols_inherit mobiles-cols_1 valign_top type_default stacking_default\"><div class=\"wpb_column vc_column_container\"><div class=\"vc_column-inner\"><div class=\"w-separator size_small\"><\/div><div class=\"wpb_text_column us_custom_e1be9e86\"><div class=\"wpb_wrapper\"><p class=\"sppb-addon-title\"><em>Absolvovanie kurzu je d\u00f4le\u017eit\u00fdm predpokladom pre bezprobl\u00e9mov\u00e9 a \u00faspe\u0161n\u00e9 zvl\u00e1dnutie \u0161t\u00fadia.<\/em><\/p>\n<\/div><\/div><div class=\"w-separator size_small\"><\/div><\/div><\/div><\/div><div class=\"w-separator size_medium\"><\/div><div class=\"g-cols wpb_row via_grid cols_2-1 laptops-cols_inherit tablets-cols_inherit mobiles-cols_1 valign_middle type_default stacking_default\"><div class=\"wpb_column vc_column_container\"><div class=\"vc_column-inner\"><h3 class=\"w-text\"><span url class=\"w-text-h\"><span class=\"w-text-value\">U\u017eito\u010dn\u00e9 inform\u00e1cie a odkazy<\/span><\/span><\/h3><div class=\"wpb_text_column\"><div class=\"wpb_wrapper\"><p>Podrobn\u00fd\u00a0<strong>rozvrh stretnutia posielame najnesk\u00f4r dva t\u00fd\u017edne pred za\u010diatkom pr\u00edpravn\u00e9ho kurzu<\/strong>.\u00a0Samotn\u00fd kurz sa uskuto\u010dn\u00ed v term\u00edne:\u00a0<strong>13.09. &#8211;\u00a0 14.09. 2019\u00a0v priestoroch Fakulty humanitn\u00fdch vied<\/strong>\u00a0\u017dilinskej univerzity v \u017diline.\u00a0Poplatok za s\u00fastredenie je<strong>\u00a050,- \u20ac.\u00a0<\/strong>Platba prebehne po\u010das pr\u00edpravn\u00e9ho kurzu, pod\u013ea poskytnut\u00fdch inform\u00e1ci\u00ed, ktor\u00e9 sa \u00fa\u010dastn\u00edci dozvedia po\u010das kurzu.<\/p>\n<p><strong>Podrobnej\u0161ie inform\u00e1cie o mieste konania rozvrhu V\u00e1m bud\u00fa zaslan\u00e9 na uveden\u00fd e-mail, po prihl\u00e1sen\u00ed sa na pr\u00edpravn\u00fd kurz.<\/strong><\/p>\n<\/div><\/div><div class=\"w-separator size_small\"><\/div><div class=\"w-iconbox iconpos_left style_default color_primary align_left no_text icontype_img\"><a href=\"https:\/\/www.facebook.com\/events\/451510582365313\/\" class=\"w-iconbox-link\" aria-label=\"Pr\u00edpravn\u00fd kurz na Facebook-u\"><div class=\"w-iconbox-icon\" style=\"font-size:2rem;\"><img decoding=\"async\" width=\"512\" height=\"512\" src=\"https:\/\/zaverecne-prace.ucimesaweby.sk\/palfy\/wp-content\/uploads\/2023\/01\/facebook.png\" class=\"attachment-full size-full\" alt=\"\" srcset=\"https:\/\/zaverecne-prace.ucimesaweby.sk\/palfy\/wp-content\/uploads\/2023\/01\/facebook.png 512w, https:\/\/zaverecne-prace.ucimesaweby.sk\/palfy\/wp-content\/uploads\/2023\/01\/facebook-300x300.png 300w, https:\/\/zaverecne-prace.ucimesaweby.sk\/palfy\/wp-content\/uploads\/2023\/01\/facebook-150x150.png 150w\" sizes=\"(max-width: 512px) 100vw, 512px\" \/><\/div><\/a><div class=\"w-iconbox-meta\"><a href=\"https:\/\/www.facebook.com\/events\/451510582365313\/\" class=\"w-iconbox-link\" aria-label=\"Pr\u00edpravn\u00fd kurz na Facebook-u\"><p class=\"w-iconbox-title\">Pr\u00edpravn\u00fd kurz na Facebook-u<\/p><\/a><\/div><\/div><div class=\"w-separator size_small\"><\/div><div class=\"w-iconbox iconpos_left style_default color_primary align_left no_text icontype_img\"><a href=\"https:\/\/kmkd.fhv.uniza.sk\/images\/dokumenty\/ine\/rozvrh_PK_2019.pdf\" class=\"w-iconbox-link\" aria-label=\"Ofici\u00e1lny rozvrh\"><div class=\"w-iconbox-icon\" style=\"font-size:2rem;\"><img decoding=\"async\" width=\"512\" height=\"512\" src=\"https:\/\/zaverecne-prace.ucimesaweby.sk\/palfy\/wp-content\/uploads\/2023\/01\/calendar.png\" class=\"attachment-full size-full\" alt=\"\" srcset=\"https:\/\/zaverecne-prace.ucimesaweby.sk\/palfy\/wp-content\/uploads\/2023\/01\/calendar.png 512w, https:\/\/zaverecne-prace.ucimesaweby.sk\/palfy\/wp-content\/uploads\/2023\/01\/calendar-300x300.png 300w, https:\/\/zaverecne-prace.ucimesaweby.sk\/palfy\/wp-content\/uploads\/2023\/01\/calendar-150x150.png 150w\" sizes=\"(max-width: 512px) 100vw, 512px\" \/><\/div><\/a><div class=\"w-iconbox-meta\"><a href=\"https:\/\/kmkd.fhv.uniza.sk\/images\/dokumenty\/ine\/rozvrh_PK_2019.pdf\" class=\"w-iconbox-link\" aria-label=\"Ofici\u00e1lny rozvrh\"><p class=\"w-iconbox-title\">Ofici\u00e1lny rozvrh<\/p><\/a><\/div><\/div><\/div><\/div><div class=\"wpb_column vc_column_container us_custom_463bbabb\"><div class=\"vc_column-inner\"><div class=\"w-iconbox us_custom_6745946f has_text_color iconpos_top style_default color_primary align_center icontype_img\"><a href=\"http:\/\/www.fhv.uniza.sk\/kurzmed\/\" class=\"w-iconbox-link\" aria-label=\"Prihl\u00e1senie sa na pr\u00edpravn\u00fd kurz\"><div class=\"w-iconbox-icon\" style=\"font-size:4rem;\"><img decoding=\"async\" width=\"512\" height=\"512\" src=\"https:\/\/zaverecne-prace.ucimesaweby.sk\/palfy\/wp-content\/uploads\/2023\/01\/online-learning-1.png\" class=\"attachment-full size-full\" alt=\"\" srcset=\"https:\/\/zaverecne-prace.ucimesaweby.sk\/palfy\/wp-content\/uploads\/2023\/01\/online-learning-1.png 512w, https:\/\/zaverecne-prace.ucimesaweby.sk\/palfy\/wp-content\/uploads\/2023\/01\/online-learning-1-300x300.png 300w, https:\/\/zaverecne-prace.ucimesaweby.sk\/palfy\/wp-content\/uploads\/2023\/01\/online-learning-1-150x150.png 150w\" sizes=\"(max-width: 512px) 100vw, 512px\" \/><\/div><\/a><div class=\"w-iconbox-meta\"><a href=\"http:\/\/www.fhv.uniza.sk\/kurzmed\/\" class=\"w-iconbox-link\" aria-label=\"Prihl\u00e1senie sa na pr\u00edpravn\u00fd kurz\"><h6 class=\"w-iconbox-title\">Prihl\u00e1senie sa na pr\u00edpravn\u00fd kurz<\/h6><\/a><div class=\"w-iconbox-text\"><p><span style=\"color: #333333;\">alebo pou\u017eite link:\u00a0<a style=\"color: #333333;\" href=\"http:\/\/www.fhv.uniza.sk\/kurzmed\/\">www.fhv.uniza.sk\/kurzmed\/<\/a><\/span><\/p>\n<p><span style=\"color: #333333;\"><strong>do 28.08.2022<\/strong><\/span><\/p>\n<\/div><\/div><\/div><\/div><\/div><\/div><\/div><\/div><\/div><\/div><\/section>\n","protected":false},"excerpt":{"rendered":"Pr\u00edpravn\u00e9 kurzy Pr\u00edpravn\u00e9 kurzy pre prv\u00e1kovPre v\u00e1s, ktor\u00ed ku n\u00e1m prich\u00e1dzate prv\u00fdkr\u00e1t,\u00a0organizujeme pr\u00edpravn\u00fd kurz, ktor\u00fd\u00a0v\u00e1m zabezpe\u010d\u00ed lep\u0161iu orient\u00e1ciu na na\u0161ej fakulte\u00a0(prostredie fakulty, podporn\u00e9 prostriedky vzdel\u00e1vania, elektronick\u00e9 vzdel\u00e1vanie, vyu\u017e\u00edvanie kni\u017enice \u00a0at\u010f.)...","protected":false},"author":2,"featured_media":103,"parent":0,"menu_order":0,"comment_status":"closed","ping_status":"closed","template":"","meta":{"footnotes":""},"class_list":["post-448","page","type-page","status-publish","has-post-thumbnail","hentry"],"acf":[],"_links":{"self":[{"href":"https:\/\/zaverecne-prace.ucimesaweby.sk\/palfy\/wp-json\/wp\/v2\/pages\/448","targetHints":{"allow":["GET"]}}],"collection":[{"href":"https:\/\/zaverecne-prace.ucimesaweby.sk\/palfy\/wp-json\/wp\/v2\/pages"}],"about":[{"href":"https:\/\/zaverecne-prace.ucimesaweby.sk\/palfy\/wp-json\/wp\/v2\/types\/page"}],"author":[{"embeddable":true,"href":"https:\/\/zaverecne-prace.ucimesaweby.sk\/palfy\/wp-json\/wp\/v2\/users\/2"}],"replies":[{"embeddable":true,"href":"https:\/\/zaverecne-prace.ucimesaweby.sk\/palfy\/wp-json\/wp\/v2\/comments?post=448"}],"version-history":[{"count":34,"href":"https:\/\/zaverecne-prace.ucimesaweby.sk\/palfy\/wp-json\/wp\/v2\/pages\/448\/revisions"}],"predecessor-version":[{"id":487,"href":"https:\/\/zaverecne-prace.ucimesaweby.sk\/palfy\/wp-json\/wp\/v2\/pages\/448\/revisions\/487"}],"wp:featuredmedia":[{"embeddable":true,"href":"https:\/\/zaverecne-prace.ucimesaweby.sk\/palfy\/wp-json\/wp\/v2\/media\/103"}],"wp:attachment":[{"href":"https:\/\/zaverecne-prace.ucimesaweby.sk\/palfy\/wp-json\/wp\/v2\/media?parent=448"}],"curies":[{"name":"wp","href":"https:\/\/api.w.org\/{rel}","templated":true}]}}