{"id":1250,"date":"2025-03-21T11:46:35","date_gmt":"2025-03-21T10:46:35","guid":{"rendered":"https:\/\/zaverecne-prace.ucimesaweby.sk\/palfy-n\/?page_id=1250"},"modified":"2025-05-05T11:16:28","modified_gmt":"2025-05-05T09:16:28","slug":"nemecko","status":"publish","type":"page","link":"https:\/\/zaverecne-prace.ucimesaweby.sk\/palfy-n\/nemecko\/","title":{"rendered":"Nemecko"},"content":{"rendered":"\t\t<div data-elementor-type=\"wp-page\" data-elementor-id=\"1250\" class=\"elementor elementor-1250\" data-elementor-post-type=\"page\">\n\t\t\t\t<div class=\"elementor-element elementor-element-799af39 e-flex e-con-boxed e-con e-parent\" data-id=\"799af39\" data-element_type=\"container\" data-settings=\"{&quot;background_background&quot;:&quot;classic&quot;}\">\n\t\t\t\t\t<div class=\"e-con-inner\">\n\t\t\t\t<div class=\"elementor-element elementor-element-b6ef062 elementor-widget elementor-widget-heading\" data-id=\"b6ef062\" data-element_type=\"widget\" data-widget_type=\"heading.default\">\n\t\t\t\t<div class=\"elementor-widget-container\">\n\t\t\t\t\t<h1 class=\"elementor-heading-title elementor-size-default\">NEMECKO<\/h1>\t\t\t\t<\/div>\n\t\t\t\t<\/div>\n\t\t\t\t<div class=\"elementor-element elementor-element-fb6cb80 elementor-widget elementor-widget-button\" data-id=\"fb6cb80\" data-element_type=\"widget\" data-widget_type=\"button.default\">\n\t\t\t\t<div class=\"elementor-widget-container\">\n\t\t\t\t\t\t\t\t\t<div class=\"elementor-button-wrapper\">\n\t\t\t\t\t<a class=\"elementor-button elementor-button-link elementor-size-sm\" href=\"#nem\">\n\t\t\t\t\t\t<span class=\"elementor-button-content-wrapper\">\n\t\t\t\t\t\t\t\t\t<span class=\"elementor-button-text\">Zisti\u0165 viac<\/span>\n\t\t\t\t\t<\/span>\n\t\t\t\t\t<\/a>\n\t\t\t\t<\/div>\n\t\t\t\t\t\t\t\t<\/div>\n\t\t\t\t<\/div>\n\t\t\t\t\t<\/div>\n\t\t\t\t<\/div>\n\t\t<div class=\"elementor-element elementor-element-95a32ca e-flex e-con-boxed e-con e-parent\" data-id=\"95a32ca\" data-element_type=\"container\" id=\"nem\" data-settings=\"{&quot;background_background&quot;:&quot;classic&quot;}\">\n\t\t\t\t\t<div class=\"e-con-inner\">\n\t\t<div class=\"elementor-element elementor-element-45f3347 e-con-full e-flex e-con e-child\" data-id=\"45f3347\" data-element_type=\"container\">\n\t\t\t\t<div class=\"elementor-element elementor-element-753fab1 elementor-widget elementor-widget-spacer\" data-id=\"753fab1\" data-element_type=\"widget\" data-widget_type=\"spacer.default\">\n\t\t\t\t<div class=\"elementor-widget-container\">\n\t\t\t\t\t\t\t<div class=\"elementor-spacer\">\n\t\t\t<div class=\"elementor-spacer-inner\"><\/div>\n\t\t<\/div>\n\t\t\t\t\t\t<\/div>\n\t\t\t\t<\/div>\n\t\t\t\t<div class=\"elementor-element elementor-element-1e79182 elementor-widget elementor-widget-heading\" data-id=\"1e79182\" data-element_type=\"widget\" data-widget_type=\"heading.default\">\n\t\t\t\t<div class=\"elementor-widget-container\">\n\t\t\t\t\t<h2 class=\"elementor-heading-title elementor-size-default\">Katedr\u00e1la Najsv\u00e4tej\u0161ej Trojice v Dr\u00e1\u017e\u010fanoch <\/h2>\t\t\t\t<\/div>\n\t\t\t\t<\/div>\n\t\t\t\t<div class=\"elementor-element elementor-element-6608262 elementor-widget elementor-widget-text-editor\" data-id=\"6608262\" data-element_type=\"widget\" data-widget_type=\"text-editor.default\">\n\t\t\t\t<div class=\"elementor-widget-container\">\n\t\t\t\t\t\t\t\t\t<p>\u010eal\u0161ou v\u00fdznamnou pamiatkou je Katedr\u00e1la Najsv\u00e4tej\u0161ej Trojice v Dr\u00e1\u017e\u010fanoch, Nemecko. T\u00e1to barokov\u00e1 katedr\u00e1la bola postaven\u00e1 v 18. storo\u010d\u00ed a je jedn\u00fdm z k\u013e\u00fa\u010dov\u00fdch symbolov mesta. Po\u010das druhej svetovej vojny bola zna\u010dne po\u0161koden\u00e1, no nesk\u00f4r bola zrekon\u0161truovan\u00e1. Katedr\u00e1la Najsv\u00e4tej\u0161ej Trojice patr\u00ed medzi d\u00f4le\u017eit\u00e9 n\u00e1bo\u017eensk\u00e9 stavby v Nemecku a je v\u00fdznamn\u00fdm kult\u00farnym centrom Dr\u00e1\u017e\u010fan (Bistum Dresden Meissen).<\/p>\t\t\t\t\t\t\t\t<\/div>\n\t\t\t\t<\/div>\n\t\t\t\t<\/div>\n\t\t<div class=\"elementor-element elementor-element-b15336c e-con-full e-flex e-con e-child\" data-id=\"b15336c\" data-element_type=\"container\">\n\t\t\t\t<div class=\"elementor-element elementor-element-29bff26 elementor-widget elementor-widget-spacer\" data-id=\"29bff26\" data-element_type=\"widget\" data-widget_type=\"spacer.default\">\n\t\t\t\t<div class=\"elementor-widget-container\">\n\t\t\t\t\t\t\t<div class=\"elementor-spacer\">\n\t\t\t<div class=\"elementor-spacer-inner\"><\/div>\n\t\t<\/div>\n\t\t\t\t\t\t<\/div>\n\t\t\t\t<\/div>\n\t\t\t\t<div class=\"elementor-element elementor-element-0c2f2be elementor-widget elementor-widget-image\" data-id=\"0c2f2be\" data-element_type=\"widget\" data-widget_type=\"image.default\">\n\t\t\t\t<div class=\"elementor-widget-container\">\n\t\t\t\t\t\t\t\t\t\t\t\t\t\t\t<img fetchpriority=\"high\" decoding=\"async\" width=\"1024\" height=\"576\" src=\"https:\/\/zaverecne-prace.ucimesaweby.sk\/palfy-n\/wp-content\/uploads\/2025\/05\/dji_fly_20240720_060318_150_1721448293488_photo_optimized-1024x576.jpg\" class=\"attachment-large size-large wp-image-1513\" alt=\"Katedr\u00e1la Najsv\u00e4tej\u0161ej Trojice v Dr\u00e1\u017e\u010fanoch\" srcset=\"https:\/\/zaverecne-prace.ucimesaweby.sk\/palfy-n\/wp-content\/uploads\/2025\/05\/dji_fly_20240720_060318_150_1721448293488_photo_optimized-1024x576.jpg 1024w, https:\/\/zaverecne-prace.ucimesaweby.sk\/palfy-n\/wp-content\/uploads\/2025\/05\/dji_fly_20240720_060318_150_1721448293488_photo_optimized-300x169.jpg 300w, https:\/\/zaverecne-prace.ucimesaweby.sk\/palfy-n\/wp-content\/uploads\/2025\/05\/dji_fly_20240720_060318_150_1721448293488_photo_optimized-768x432.jpg 768w, https:\/\/zaverecne-prace.ucimesaweby.sk\/palfy-n\/wp-content\/uploads\/2025\/05\/dji_fly_20240720_060318_150_1721448293488_photo_optimized-1536x864.jpg 1536w, https:\/\/zaverecne-prace.ucimesaweby.sk\/palfy-n\/wp-content\/uploads\/2025\/05\/dji_fly_20240720_060318_150_1721448293488_photo_optimized-2048x1152.jpg 2048w\" sizes=\"(max-width: 1024px) 100vw, 1024px\" \/>\t\t\t\t\t\t\t\t\t\t\t\t\t\t\t<\/div>\n\t\t\t\t<\/div>\n\t\t\t\t<\/div>\n\t\t\t\t\t<\/div>\n\t\t\t\t<\/div>\n\t\t<div class=\"elementor-element elementor-element-1c0ae20 e-flex e-con-boxed e-con e-parent\" data-id=\"1c0ae20\" data-element_type=\"container\" data-settings=\"{&quot;background_background&quot;:&quot;classic&quot;}\">\n\t\t\t\t\t<div class=\"e-con-inner\">\n\t\t<div class=\"elementor-element elementor-element-d03ed35 e-con-full e-flex e-con e-child\" data-id=\"d03ed35\" data-element_type=\"container\">\n\t\t\t\t<div class=\"elementor-element elementor-element-5ea995d elementor-widget elementor-widget-image\" data-id=\"5ea995d\" data-element_type=\"widget\" data-widget_type=\"image.default\">\n\t\t\t\t<div class=\"elementor-widget-container\">\n\t\t\t\t\t\t\t\t\t\t\t\t\t\t\t<img decoding=\"async\" width=\"683\" height=\"1024\" src=\"https:\/\/zaverecne-prace.ucimesaweby.sk\/palfy-n\/wp-content\/uploads\/2025\/05\/DSC04566-683x1024.jpg\" class=\"attachment-large size-large wp-image-1482\" alt=\"Interi\u00e9r katedr\u00e1ly Najsv\u00e4tej\u0161ej Trojice v Dr\u00e1\u017e\u010fanoch\" srcset=\"https:\/\/zaverecne-prace.ucimesaweby.sk\/palfy-n\/wp-content\/uploads\/2025\/05\/DSC04566-683x1024.jpg 683w, https:\/\/zaverecne-prace.ucimesaweby.sk\/palfy-n\/wp-content\/uploads\/2025\/05\/DSC04566-200x300.jpg 200w, https:\/\/zaverecne-prace.ucimesaweby.sk\/palfy-n\/wp-content\/uploads\/2025\/05\/DSC04566-768x1152.jpg 768w, https:\/\/zaverecne-prace.ucimesaweby.sk\/palfy-n\/wp-content\/uploads\/2025\/05\/DSC04566-1024x1536.jpg 1024w, https:\/\/zaverecne-prace.ucimesaweby.sk\/palfy-n\/wp-content\/uploads\/2025\/05\/DSC04566.jpg 1365w\" sizes=\"(max-width: 683px) 100vw, 683px\" \/>\t\t\t\t\t\t\t\t\t\t\t\t\t\t\t<\/div>\n\t\t\t\t<\/div>\n\t\t\t\t<\/div>\n\t\t<div class=\"elementor-element elementor-element-dd7bfa2 e-con-full e-flex e-con e-child\" data-id=\"dd7bfa2\" data-element_type=\"container\">\n\t\t\t\t<div class=\"elementor-element elementor-element-256e813 elementor-widget elementor-widget-image\" data-id=\"256e813\" data-element_type=\"widget\" data-widget_type=\"image.default\">\n\t\t\t\t<div class=\"elementor-widget-container\">\n\t\t\t\t\t\t\t\t\t\t\t\t\t\t\t<img decoding=\"async\" width=\"683\" height=\"1024\" src=\"https:\/\/zaverecne-prace.ucimesaweby.sk\/palfy-n\/wp-content\/uploads\/2025\/05\/DSC04641-683x1024.jpg\" class=\"attachment-large size-large wp-image-1483\" alt=\"Org\u00e1n v katedr\u00e1le Najsv\u00e4tej\u0161ej Trojice v Dr\u00e1\u017e\u010fanoch\" srcset=\"https:\/\/zaverecne-prace.ucimesaweby.sk\/palfy-n\/wp-content\/uploads\/2025\/05\/DSC04641-683x1024.jpg 683w, https:\/\/zaverecne-prace.ucimesaweby.sk\/palfy-n\/wp-content\/uploads\/2025\/05\/DSC04641-200x300.jpg 200w, https:\/\/zaverecne-prace.ucimesaweby.sk\/palfy-n\/wp-content\/uploads\/2025\/05\/DSC04641-768x1152.jpg 768w, https:\/\/zaverecne-prace.ucimesaweby.sk\/palfy-n\/wp-content\/uploads\/2025\/05\/DSC04641-1024x1536.jpg 1024w, https:\/\/zaverecne-prace.ucimesaweby.sk\/palfy-n\/wp-content\/uploads\/2025\/05\/DSC04641.jpg 1365w\" sizes=\"(max-width: 683px) 100vw, 683px\" \/>\t\t\t\t\t\t\t\t\t\t\t\t\t\t\t<\/div>\n\t\t\t\t<\/div>\n\t\t\t\t<\/div>\n\t\t\t\t\t<\/div>\n\t\t\t\t<\/div>\n\t\t<div class=\"elementor-element elementor-element-63022e4 e-flex e-con-boxed e-con e-parent\" data-id=\"63022e4\" data-element_type=\"container\" data-settings=\"{&quot;background_background&quot;:&quot;classic&quot;}\">\n\t\t\t\t\t<div class=\"e-con-inner\">\n\t\t<div class=\"elementor-element elementor-element-cfa571d e-con-full e-flex e-con e-child\" data-id=\"cfa571d\" data-element_type=\"container\">\n\t\t\t\t<div class=\"elementor-element elementor-element-9af0dfe elementor-widget elementor-widget-image\" data-id=\"9af0dfe\" data-element_type=\"widget\" data-widget_type=\"image.default\">\n\t\t\t\t<div class=\"elementor-widget-container\">\n\t\t\t\t\t\t\t\t\t\t\t\t\t\t\t<img loading=\"lazy\" decoding=\"async\" width=\"1024\" height=\"683\" src=\"https:\/\/zaverecne-prace.ucimesaweby.sk\/palfy-n\/wp-content\/uploads\/2025\/05\/DSC05472-2-1024x683.jpg\" class=\"attachment-large size-large wp-image-1514\" alt=\"Kostol sv. Mikul\u00e1\u0161a v Lipsku\" srcset=\"https:\/\/zaverecne-prace.ucimesaweby.sk\/palfy-n\/wp-content\/uploads\/2025\/05\/DSC05472-2-1024x683.jpg 1024w, https:\/\/zaverecne-prace.ucimesaweby.sk\/palfy-n\/wp-content\/uploads\/2025\/05\/DSC05472-2-300x200.jpg 300w, https:\/\/zaverecne-prace.ucimesaweby.sk\/palfy-n\/wp-content\/uploads\/2025\/05\/DSC05472-2-768x512.jpg 768w, https:\/\/zaverecne-prace.ucimesaweby.sk\/palfy-n\/wp-content\/uploads\/2025\/05\/DSC05472-2-1536x1024.jpg 1536w, https:\/\/zaverecne-prace.ucimesaweby.sk\/palfy-n\/wp-content\/uploads\/2025\/05\/DSC05472-2-2048x1365.jpg 2048w\" sizes=\"(max-width: 1024px) 100vw, 1024px\" \/>\t\t\t\t\t\t\t\t\t\t\t\t\t\t\t<\/div>\n\t\t\t\t<\/div>\n\t\t\t\t<\/div>\n\t\t<div class=\"elementor-element elementor-element-d87346e e-con-full e-flex e-con e-child\" data-id=\"d87346e\" data-element_type=\"container\">\n\t\t\t\t<div class=\"elementor-element elementor-element-8861087 elementor-widget elementor-widget-heading\" data-id=\"8861087\" data-element_type=\"widget\" data-widget_type=\"heading.default\">\n\t\t\t\t<div class=\"elementor-widget-container\">\n\t\t\t\t\t<h2 class=\"elementor-heading-title elementor-size-default\">Kostol sv. Mikul\u00e1\u0161a v Lipsku<\/h2>\t\t\t\t<\/div>\n\t\t\t\t<\/div>\n\t\t\t\t<div class=\"elementor-element elementor-element-9d18489 elementor-widget elementor-widget-text-editor\" data-id=\"9d18489\" data-element_type=\"widget\" data-widget_type=\"text-editor.default\">\n\t\t\t\t<div class=\"elementor-widget-container\">\n\t\t\t\t\t\t\t\t\t<p>V Lipsku sa nach\u00e1dza kostol sv. Mikul\u00e1\u0161a, ktor\u00fd bol postaven\u00fd v 12. storo\u010d\u00ed. Tento kostol zohr\u00e1val k\u013e\u00fa\u010dov\u00fa \u00falohu po\u010das protestantskej reform\u00e1cie a je zn\u00e1my svoj\u00edm organom, na ktorom sa konali v\u00fdznamn\u00e9 koncerty. Kostol sv. Mikul\u00e1\u0161a je pr\u00edkladom rom\u00e1nskej a gotickej architekt\u00fary a doteraz je v\u00fdznamn\u00fdm n\u00e1bo\u017eensk\u00fdm miestom v Lipsku (Farnos\u0165 sv\u00e4t\u00e9ho Nikolaja Lipsko 2016).<\/p>\t\t\t\t\t\t\t\t<\/div>\n\t\t\t\t<\/div>\n\t\t\t\t<\/div>\n\t\t\t\t\t<\/div>\n\t\t\t\t<\/div>\n\t\t<div class=\"elementor-element elementor-element-5ff5eef e-flex e-con-boxed e-con e-parent\" data-id=\"5ff5eef\" data-element_type=\"container\" data-settings=\"{&quot;background_background&quot;:&quot;classic&quot;}\">\n\t\t\t\t\t<div class=\"e-con-inner\">\n\t\t<div class=\"elementor-element elementor-element-c227b32 e-con-full e-flex e-con e-child\" data-id=\"c227b32\" data-element_type=\"container\">\n\t\t\t\t<div class=\"elementor-element elementor-element-2deb9de elementor-widget elementor-widget-image\" data-id=\"2deb9de\" data-element_type=\"widget\" data-widget_type=\"image.default\">\n\t\t\t\t<div class=\"elementor-widget-container\">\n\t\t\t\t\t\t\t\t\t\t\t\t\t\t\t<img loading=\"lazy\" decoding=\"async\" width=\"683\" height=\"1024\" src=\"https:\/\/zaverecne-prace.ucimesaweby.sk\/palfy-n\/wp-content\/uploads\/2025\/05\/DSC05700-683x1024.jpg\" class=\"attachment-large size-large wp-image-1484\" alt=\"Interi\u00e9r v kostole sv. Mikul\u00e1\u0161a v Lipsk\u00fa\" srcset=\"https:\/\/zaverecne-prace.ucimesaweby.sk\/palfy-n\/wp-content\/uploads\/2025\/05\/DSC05700-683x1024.jpg 683w, https:\/\/zaverecne-prace.ucimesaweby.sk\/palfy-n\/wp-content\/uploads\/2025\/05\/DSC05700-200x300.jpg 200w, https:\/\/zaverecne-prace.ucimesaweby.sk\/palfy-n\/wp-content\/uploads\/2025\/05\/DSC05700-768x1152.jpg 768w, https:\/\/zaverecne-prace.ucimesaweby.sk\/palfy-n\/wp-content\/uploads\/2025\/05\/DSC05700-1024x1536.jpg 1024w, https:\/\/zaverecne-prace.ucimesaweby.sk\/palfy-n\/wp-content\/uploads\/2025\/05\/DSC05700.jpg 1365w\" sizes=\"(max-width: 683px) 100vw, 683px\" \/>\t\t\t\t\t\t\t\t\t\t\t\t\t\t\t<\/div>\n\t\t\t\t<\/div>\n\t\t\t\t<\/div>\n\t\t<div class=\"elementor-element elementor-element-765dd3d e-con-full e-flex e-con e-child\" data-id=\"765dd3d\" data-element_type=\"container\">\n\t\t\t\t<div class=\"elementor-element elementor-element-d4fa7f4 elementor-widget elementor-widget-image\" data-id=\"d4fa7f4\" data-element_type=\"widget\" data-widget_type=\"image.default\">\n\t\t\t\t<div class=\"elementor-widget-container\">\n\t\t\t\t\t\t\t\t\t\t\t\t\t\t\t<img loading=\"lazy\" decoding=\"async\" width=\"683\" height=\"1024\" src=\"https:\/\/zaverecne-prace.ucimesaweby.sk\/palfy-n\/wp-content\/uploads\/2025\/05\/DSC05713-683x1024.jpg\" class=\"attachment-large size-large wp-image-1485\" alt=\"Org\u00e1n v kostole sv. Mikul\u00e1\u0161a v Lipsk\u00fa\" srcset=\"https:\/\/zaverecne-prace.ucimesaweby.sk\/palfy-n\/wp-content\/uploads\/2025\/05\/DSC05713-683x1024.jpg 683w, https:\/\/zaverecne-prace.ucimesaweby.sk\/palfy-n\/wp-content\/uploads\/2025\/05\/DSC05713-200x300.jpg 200w, https:\/\/zaverecne-prace.ucimesaweby.sk\/palfy-n\/wp-content\/uploads\/2025\/05\/DSC05713-768x1152.jpg 768w, https:\/\/zaverecne-prace.ucimesaweby.sk\/palfy-n\/wp-content\/uploads\/2025\/05\/DSC05713-1024x1536.jpg 1024w, https:\/\/zaverecne-prace.ucimesaweby.sk\/palfy-n\/wp-content\/uploads\/2025\/05\/DSC05713.jpg 1365w\" sizes=\"(max-width: 683px) 100vw, 683px\" \/>\t\t\t\t\t\t\t\t\t\t\t\t\t\t\t<\/div>\n\t\t\t\t<\/div>\n\t\t\t\t<\/div>\n\t\t\t\t\t<\/div>\n\t\t\t\t<\/div>\n\t\t<div class=\"elementor-element elementor-element-458f6a0 e-flex e-con-boxed e-con e-parent\" data-id=\"458f6a0\" data-element_type=\"container\" data-settings=\"{&quot;background_background&quot;:&quot;classic&quot;}\">\n\t\t\t\t\t<div class=\"e-con-inner\">\n\t\t<div class=\"elementor-element elementor-element-a111836 e-con-full e-flex e-con e-child\" data-id=\"a111836\" data-element_type=\"container\">\n\t\t\t\t<div class=\"elementor-element elementor-element-b61b4eb elementor-widget elementor-widget-heading\" data-id=\"b61b4eb\" data-element_type=\"widget\" data-widget_type=\"heading.default\">\n\t\t\t\t<div class=\"elementor-widget-container\">\n\t\t\t\t\t<h2 class=\"elementor-heading-title elementor-size-default\">Berl\u00ednsky d\u00f3m<\/h2>\t\t\t\t<\/div>\n\t\t\t\t<\/div>\n\t\t\t\t<div class=\"elementor-element elementor-element-e4b7512 elementor-widget elementor-widget-text-editor\" data-id=\"e4b7512\" data-element_type=\"widget\" data-widget_type=\"text-editor.default\">\n\t\t\t\t<div class=\"elementor-widget-container\">\n\t\t\t\t\t\t\t\t\t<p>Berl\u00ednsky d\u00f3m, nach\u00e1dzaj\u00faci sa v Berl\u00edne, Nemecko, je neorenesan\u010dnou a barokovou stavbou postavenou v 18. storo\u010d\u00ed. Po\u010das druhej svetovej vojny bol v\u00e1\u017ene po\u0161koden\u00fd, ale nesk\u00f4r obnoven\u00fd. D\u00f3m je centrom evanjelickej cirkvi v Berl\u00edne a v\u00fdznamnou pamiatkou nemeckej kult\u00fary. Okrem svojej n\u00e1bo\u017eenskej funkcie je aj ob\u013e\u00faben\u00fdm turistick\u00fdm cie\u013eom a miestom kult\u00farnych podujat\u00ed (Berliner Dom).<\/p>\t\t\t\t\t\t\t\t<\/div>\n\t\t\t\t<\/div>\n\t\t\t\t<\/div>\n\t\t<div class=\"elementor-element elementor-element-68f1951 e-con-full e-flex e-con e-child\" data-id=\"68f1951\" data-element_type=\"container\">\n\t\t\t\t<div class=\"elementor-element elementor-element-dd10f85 elementor-widget elementor-widget-image\" data-id=\"dd10f85\" data-element_type=\"widget\" data-widget_type=\"image.default\">\n\t\t\t\t<div class=\"elementor-widget-container\">\n\t\t\t\t\t\t\t\t\t\t\t\t\t\t\t<img loading=\"lazy\" decoding=\"async\" width=\"1024\" height=\"683\" src=\"https:\/\/zaverecne-prace.ucimesaweby.sk\/palfy-n\/wp-content\/uploads\/2025\/05\/DSC06263-Edit-1024x683.jpg\" class=\"attachment-large size-large wp-image-1479\" alt=\"Berl\u00ednsky d\u00f3m\" srcset=\"https:\/\/zaverecne-prace.ucimesaweby.sk\/palfy-n\/wp-content\/uploads\/2025\/05\/DSC06263-Edit-1024x683.jpg 1024w, https:\/\/zaverecne-prace.ucimesaweby.sk\/palfy-n\/wp-content\/uploads\/2025\/05\/DSC06263-Edit-300x200.jpg 300w, https:\/\/zaverecne-prace.ucimesaweby.sk\/palfy-n\/wp-content\/uploads\/2025\/05\/DSC06263-Edit-768x512.jpg 768w, https:\/\/zaverecne-prace.ucimesaweby.sk\/palfy-n\/wp-content\/uploads\/2025\/05\/DSC06263-Edit-1536x1024.jpg 1536w, https:\/\/zaverecne-prace.ucimesaweby.sk\/palfy-n\/wp-content\/uploads\/2025\/05\/DSC06263-Edit.jpg 2048w\" sizes=\"(max-width: 1024px) 100vw, 1024px\" \/>\t\t\t\t\t\t\t\t\t\t\t\t\t\t\t<\/div>\n\t\t\t\t<\/div>\n\t\t\t\t<\/div>\n\t\t\t\t\t<\/div>\n\t\t\t\t<\/div>\n\t\t<div class=\"elementor-element elementor-element-0023ed9 e-flex e-con-boxed e-con e-parent\" data-id=\"0023ed9\" data-element_type=\"container\" data-settings=\"{&quot;background_background&quot;:&quot;classic&quot;}\">\n\t\t\t\t\t<div class=\"e-con-inner\">\n\t\t<div class=\"elementor-element elementor-element-006a18d e-con-full e-flex e-con e-child\" data-id=\"006a18d\" data-element_type=\"container\">\n\t\t\t\t<div class=\"elementor-element elementor-element-10d48b1 elementor-widget elementor-widget-image\" data-id=\"10d48b1\" data-element_type=\"widget\" data-widget_type=\"image.default\">\n\t\t\t\t<div class=\"elementor-widget-container\">\n\t\t\t\t\t\t\t\t\t\t\t\t\t\t\t<img loading=\"lazy\" decoding=\"async\" width=\"683\" height=\"1024\" src=\"https:\/\/zaverecne-prace.ucimesaweby.sk\/palfy-n\/wp-content\/uploads\/2025\/05\/DSC06122-683x1024.jpg\" class=\"attachment-large size-large wp-image-1486\" alt=\"Org\u00e1n v Berl\u00ednskom D\u00f3me\" srcset=\"https:\/\/zaverecne-prace.ucimesaweby.sk\/palfy-n\/wp-content\/uploads\/2025\/05\/DSC06122-683x1024.jpg 683w, https:\/\/zaverecne-prace.ucimesaweby.sk\/palfy-n\/wp-content\/uploads\/2025\/05\/DSC06122-200x300.jpg 200w, https:\/\/zaverecne-prace.ucimesaweby.sk\/palfy-n\/wp-content\/uploads\/2025\/05\/DSC06122-768x1152.jpg 768w, https:\/\/zaverecne-prace.ucimesaweby.sk\/palfy-n\/wp-content\/uploads\/2025\/05\/DSC06122-1024x1536.jpg 1024w, https:\/\/zaverecne-prace.ucimesaweby.sk\/palfy-n\/wp-content\/uploads\/2025\/05\/DSC06122.jpg 1365w\" sizes=\"(max-width: 683px) 100vw, 683px\" \/>\t\t\t\t\t\t\t\t\t\t\t\t\t\t\t<\/div>\n\t\t\t\t<\/div>\n\t\t\t\t<div class=\"elementor-element elementor-element-4b4321b elementor-widget elementor-widget-spacer\" data-id=\"4b4321b\" data-element_type=\"widget\" data-widget_type=\"spacer.default\">\n\t\t\t\t<div class=\"elementor-widget-container\">\n\t\t\t\t\t\t\t<div class=\"elementor-spacer\">\n\t\t\t<div class=\"elementor-spacer-inner\"><\/div>\n\t\t<\/div>\n\t\t\t\t\t\t<\/div>\n\t\t\t\t<\/div>\n\t\t\t\t<\/div>\n\t\t<div class=\"elementor-element elementor-element-6529e4c e-con-full e-flex e-con e-child\" data-id=\"6529e4c\" data-element_type=\"container\">\n\t\t\t\t<div class=\"elementor-element elementor-element-e0c800a elementor-widget elementor-widget-image\" data-id=\"e0c800a\" data-element_type=\"widget\" data-widget_type=\"image.default\">\n\t\t\t\t<div class=\"elementor-widget-container\">\n\t\t\t\t\t\t\t\t\t\t\t\t\t\t\t<img loading=\"lazy\" decoding=\"async\" width=\"683\" height=\"1024\" src=\"https:\/\/zaverecne-prace.ucimesaweby.sk\/palfy-n\/wp-content\/uploads\/2025\/05\/DSC06126-683x1024.jpg\" class=\"attachment-large size-large wp-image-1487\" alt=\"Interi\u00e9r v Berl\u00ednskom D\u00f3me\" srcset=\"https:\/\/zaverecne-prace.ucimesaweby.sk\/palfy-n\/wp-content\/uploads\/2025\/05\/DSC06126-683x1024.jpg 683w, https:\/\/zaverecne-prace.ucimesaweby.sk\/palfy-n\/wp-content\/uploads\/2025\/05\/DSC06126-200x300.jpg 200w, https:\/\/zaverecne-prace.ucimesaweby.sk\/palfy-n\/wp-content\/uploads\/2025\/05\/DSC06126-768x1152.jpg 768w, https:\/\/zaverecne-prace.ucimesaweby.sk\/palfy-n\/wp-content\/uploads\/2025\/05\/DSC06126-1024x1536.jpg 1024w, https:\/\/zaverecne-prace.ucimesaweby.sk\/palfy-n\/wp-content\/uploads\/2025\/05\/DSC06126.jpg 1365w\" sizes=\"(max-width: 683px) 100vw, 683px\" \/>\t\t\t\t\t\t\t\t\t\t\t\t\t\t\t<\/div>\n\t\t\t\t<\/div>\n\t\t\t\t<div class=\"elementor-element elementor-element-df8104a elementor-widget elementor-widget-spacer\" data-id=\"df8104a\" data-element_type=\"widget\" data-widget_type=\"spacer.default\">\n\t\t\t\t<div class=\"elementor-widget-container\">\n\t\t\t\t\t\t\t<div class=\"elementor-spacer\">\n\t\t\t<div class=\"elementor-spacer-inner\"><\/div>\n\t\t<\/div>\n\t\t\t\t\t\t<\/div>\n\t\t\t\t<\/div>\n\t\t\t\t<\/div>\n\t\t\t\t\t<\/div>\n\t\t\t\t<\/div>\n\t\t\t\t<\/div>\n\t\t","protected":false},"excerpt":{"rendered":"<p>NEMECKO Zisti\u0165 viac Katedr\u00e1la Najsv\u00e4tej\u0161ej Trojice v Dr\u00e1\u017e\u010fanoch \u010eal\u0161ou v\u00fdznamnou pamiatkou je Katedr\u00e1la Najsv\u00e4tej\u0161ej Trojice v Dr\u00e1\u017e\u010fanoch, Nemecko. T\u00e1to barokov\u00e1 katedr\u00e1la bola postaven\u00e1 v 18. storo\u010d\u00ed a je jedn\u00fdm z k\u013e\u00fa\u010dov\u00fdch symbolov mesta. Po\u010das druhej svetovej vojny bola zna\u010dne po\u0161koden\u00e1, no nesk\u00f4r bola zrekon\u0161truovan\u00e1. Katedr\u00e1la Najsv\u00e4tej\u0161ej Trojice patr\u00ed medzi d\u00f4le\u017eit\u00e9 n\u00e1bo\u017eensk\u00e9 stavby v Nemecku a [&hellip;]<\/p>\n","protected":false},"author":1,"featured_media":0,"parent":0,"menu_order":0,"comment_status":"closed","ping_status":"closed","template":"","meta":{"site-sidebar-layout":"no-sidebar","site-content-layout":"page-builder","ast-site-content-layout":"full-width-container","site-content-style":"default","site-sidebar-style":"default","ast-global-header-display":"","ast-banner-title-visibility":"","ast-main-header-display":"","ast-hfb-above-header-display":"","ast-hfb-below-header-display":"","ast-hfb-mobile-header-display":"","site-post-title":"disabled","ast-breadcrumbs-content":"","ast-featured-img":"disabled","footer-sml-layout":"","theme-transparent-header-meta":"default","adv-header-id-meta":"","stick-header-meta":"","header-above-stick-meta":"","header-main-stick-meta":"","header-below-stick-meta":"","astra-migrate-meta-layouts":"set","ast-page-background-enabled":"default","ast-page-background-meta":{"desktop":{"background-color":"","background-image":"","background-repeat":"repeat","background-position":"center center","background-size":"auto","background-attachment":"scroll","background-type":"","background-media":"","overlay-type":"","overlay-color":"","overlay-opacity":"","overlay-gradient":""},"tablet":{"background-color":"","background-image":"","background-repeat":"repeat","background-position":"center center","background-size":"auto","background-attachment":"scroll","background-type":"","background-media":"","overlay-type":"","overlay-color":"","overlay-opacity":"","overlay-gradient":""},"mobile":{"background-color":"","background-image":"","background-repeat":"repeat","background-position":"center center","background-size":"auto","background-attachment":"scroll","background-type":"","background-media":"","overlay-type":"","overlay-color":"","overlay-opacity":"","overlay-gradient":""}},"ast-content-background-meta":{"desktop":{"background-color":"var(--ast-global-color-5)","background-image":"","background-repeat":"repeat","background-position":"center center","background-size":"auto","background-attachment":"scroll","background-type":"","background-media":"","overlay-type":"","overlay-color":"","overlay-opacity":"","overlay-gradient":""},"tablet":{"background-color":"var(--ast-global-color-5)","background-image":"","background-repeat":"repeat","background-position":"center center","background-size":"auto","background-attachment":"scroll","background-type":"","background-media":"","overlay-type":"","overlay-color":"","overlay-opacity":"","overlay-gradient":""},"mobile":{"background-color":"var(--ast-global-color-5)","background-image":"","background-repeat":"repeat","background-position":"center center","background-size":"auto","background-attachment":"scroll","background-type":"","background-media":"","overlay-type":"","overlay-color":"","overlay-opacity":"","overlay-gradient":""}},"footnotes":""},"class_list":["post-1250","page","type-page","status-publish","hentry"],"_links":{"self":[{"href":"https:\/\/zaverecne-prace.ucimesaweby.sk\/palfy-n\/wp-json\/wp\/v2\/pages\/1250","targetHints":{"allow":["GET"]}}],"collection":[{"href":"https:\/\/zaverecne-prace.ucimesaweby.sk\/palfy-n\/wp-json\/wp\/v2\/pages"}],"about":[{"href":"https:\/\/zaverecne-prace.ucimesaweby.sk\/palfy-n\/wp-json\/wp\/v2\/types\/page"}],"author":[{"embeddable":true,"href":"https:\/\/zaverecne-prace.ucimesaweby.sk\/palfy-n\/wp-json\/wp\/v2\/users\/1"}],"replies":[{"embeddable":true,"href":"https:\/\/zaverecne-prace.ucimesaweby.sk\/palfy-n\/wp-json\/wp\/v2\/comments?post=1250"}],"version-history":[{"count":18,"href":"https:\/\/zaverecne-prace.ucimesaweby.sk\/palfy-n\/wp-json\/wp\/v2\/pages\/1250\/revisions"}],"predecessor-version":[{"id":1526,"href":"https:\/\/zaverecne-prace.ucimesaweby.sk\/palfy-n\/wp-json\/wp\/v2\/pages\/1250\/revisions\/1526"}],"wp:attachment":[{"href":"https:\/\/zaverecne-prace.ucimesaweby.sk\/palfy-n\/wp-json\/wp\/v2\/media?parent=1250"}],"curies":[{"name":"wp","href":"https:\/\/api.w.org\/{rel}","templated":true}]}}